t is the greatest common factor of f and c?
9
Suppose -5 = 4*h - 9. Let w be (10/(-20))/(h/(-18)). Suppose -2*v = -3*v + w. Calculate the greatest common factor of v and 63.
9
Let q = 10 + 32. Suppose -o - 5*i - 128 + 731 = 0, -3*i = -9. Suppose x = -6*x + o. Calculate the greatest common divisor of x and q.
42
Let m(l) = -2*l + 8. Let a be m(7). Let c(p) = -3*p**3 - 20*p**2 - 17*p + 9. Let q be c(a). Calculate the highest common divisor of 195 and q.
39
Let t(x) = -x**3 - 11*x**2 - 19*x + 8. Suppose 9 = -2*v - 9. Let g be t(v). What is the greatest common factor of g and 17?
17
Let p be ((-42)/(-56)*-2)/(9/(-768)). What is the greatest common divisor of 200 and p?
8
Suppose y = -5 + 8. Suppose 3*c + y + 0 = 0, -9 = -2*o + 3*c. Let d = 1087 + -1078. What is the greatest common factor of o and d?
3
Let r be -12*2/(-4) + 0 + 1. Let s be 270/210 + (-2)/r. Calculate the greatest common factor of s and 13.
1
Suppose 5 + 0 = s + 3*g, 0 = 5*g + 5. Let d = -19 + 21. Suppose 0*c = -4*z + c + 93, -d*c - 42 = -2*z. What is the greatest common divisor of z and s?
8
Let y = -1623 - -1663. What is the highest common factor of y and 190?
10
Let g = 11998 - 11983. Calculate the highest common divisor of 415 and g.
5
Suppose 47*h - 156 - 582 - 70 = -54*h. Let f = 70 + -42. What is the greatest common factor of h and f?
4
Let d(u) = 22*u**2 + 8*u + 8. Let a be d(-2). What is the greatest common factor of a and 70?
10
Let t = 14905 - 14749. What is the greatest common factor of t and 9750?
78
Let r(o) = 0*o - 12 + 2 + 7*o - 8*o. Let a be r(-6). Let l be 12/a*4/(-6). What is the greatest common factor of 5 and l?
1
Suppose -4*u + 3753 = -w, 4*u + 5*w - 5128 = -1381. Calculate the highest common divisor of 2144 and u.
134
Let a = -35838 + 36834. What is the greatest common factor of a and 60?
12
Let b(j) = j - 19. Let q be b(-15). Let g = q + -14. Let x = g + 60. What is the highest common divisor of x and 60?
12
Let f = -53 - -253. Let n(o) = -o**2 - 61*o + 400. Let y be n(6). Let u be f/16 - y/(-4). What is the highest common factor of 24 and u?
12
Let c = -380 + 387. Let i be (10 - c)*(-22)/(-6). Let s = 1 + 0. What is the greatest common factor of i and s?
1
Let i(p) = p**3 - 3*p**2 + 12*p - 21. Suppose 0 = -7*y + y + 36. Let m be i(y). Calculate the greatest common divisor of 265 and m.
53
Let p(k) = 62*k**2 + 2*k - 1. Let j be p(1). Let a(l) = -11*l**3 - 2*l**2 + 3. Let u be a(2). Let c = u + 102. Calculate the greatest common factor of c and j.
9
Let t be 8/28*119/17*468. What is the greatest common divisor of 728 and t?
104
Let o = 2772 + -2736. Calculate the greatest common factor of 460 and o.
4
Let x = 2 + -119. Let b be (1 - -1) + (-5)/5*x. Calculate the highest common divisor of b and 34.
17
Let h = -5926 - -7242. Calculate the highest common divisor of h and 1128.
188
Let g = -5 - -22. Let r = 275 + -241. What is the greatest common factor of g and r?
17
Let b be ((-7968)/8)/(48/(-128)). Calculate the highest common divisor of b and 32.
32
Let j = 99 - 97. Suppose -4*m + j*m + 176 = 0. Let y be 304/14 + 2/7. What is the highest common factor of y and m?
22
Suppose -3*p + 3 = -6. Suppose 3*z - 60 = q + 12, 72 = 3*z - 3*q. Let f be 0 + 6*4/z. Calculate the greatest common divisor of f and p.
1
Let n(r) = -145*r + 235. Let p be n(1). Calculate the highest common divisor of 2250 and p.
90
Let j(s) = 47*s**3 + 2*s**2 - s. Let x be j(1). Let m be x/(-32) + 340/8. Calculate the greatest common factor of 1312 and m.
41
Let t = 435 - 423. Let n = 30 - t. Let g = 20 + 25. Calculate the highest common factor of n and g.
9
Let d(v) = 38*v**3 + v**2 - 21*v + 50. Let l be d(3). What is the highest common divisor of l and 378?
14
Suppose -4*d = 5*h - 76, 5*h + 0*h + 5*d - 80 = 0. Suppose 0 = 3*c + p - h + 4, 5*p - 18 = -4*c. What is the highest common divisor of 34 and c?
2
Let g(z) = z**3 - 4*z**2 - 63*z + 24. Let x be g(11). Calculate the highest common factor of 11392 and x.
178
Suppose -39*h - 42 = -18*h. Let a be 1050/133 - h/19. What is the highest common divisor of 8 and a?
8
Let f(i) = -i**2 + 158*i - 254. Let m be f(133). Calculate the greatest common divisor of m and 166.
83
Let p = 1382 - 1382. Suppose 5*l = -r + 27, -r + 4*l + 176 = 2*r. Suppose p = 6*q - 10*q + r. What is the greatest common factor of q and 1?
1
Suppose 0 = -9*v + 312 + 768. Let s = -109 + v. Let b = 107 - s. What is the highest common factor of 12 and b?
12
Suppose 960 = 135*m - 103*m. Let y = -1 - -1. Suppose 0 = -y*x - x + 75. What is the greatest common factor of x and m?
15
Suppose 3*g - 5*a - 336 = 0, 9*g - 112 = 8*g + 2*a. What is the greatest common factor of 252 and g?
28
Let f be (-2)/(17/(-136) + 9/104). Let t = f - 37. Suppose 3*o - 4*m + m = 3, m - 9 = -o. Calculate the highest common divisor of o and t.
5
Let c be 2 - (-12)/(-1) - -2. Let x be (6/c)/(3/(-72)). Let h = 64762 - 64726. Calculate the greatest common divisor of h and x.
18
Let q be (1/2 + -1)*-70. Suppose -484 = -2*x - 2*p, 0 = x - 5*x + 4*p + 992. Calculate the greatest common divisor of x and q.
35
Suppose -a = 5*h - 20993, 8*a + h + 41975 = 10*a. What is the greatest common divisor of 6 and a?
6
Let o be (10332/(-378))/(1/(-36)). Calculate the greatest common divisor of o and 2.
2
Let z(h) = -28*h + 66. Let v be z(8). Let l = v + 166. What is the highest common divisor of l and 52?
4
Suppose -5*s - 343 = 2*o, -o = -2*s + 2*o - 122. Let r = s + 105. Let z = -4132 + 4398. Calculate the highest common divisor of z and r.
38
Suppose 17 - 27 = 2*s. Let h be 1/s - 133/70*-58. Suppose 0 = -5*i + h + 40. What is the highest common divisor of 15 and i?
15
Let i be 1386/6 - (-1 - -12). Calculate the greatest common divisor of i and 410.
10
Let r be ((-570)/(-9))/(20/30). Let k be 38/r + 88/(-30)*-6. Calculate the highest common divisor of k and 6.
6
Let d be 13/((-117)/(-1446))*3. Suppose -2*s = d - 494. Calculate the greatest common factor of s and 219.
3
Suppose k - 5*j = 16, -4*k + 82 = -0*k - 2*j. Suppose -212 = -11*l - 773. Let i be 83/4 + -4 + l/(-12). What is the highest common divisor of i and k?
21
Let t(y) = y**2 - y + 1. Let i(p) = p**3 + 12*p**2 + 30*p - 27. Let s(j) = i(j) + 3*t(j). Let x be s(-12). Calculate the greatest common divisor of 21 and x.
21
Let a be -26*28/2*-1*183/732. What is the highest common factor of a and 13?
13
Let y = 3167 - 2319. What is the highest common factor of y and 265?
53
Suppose 3304 = 4*y - 4*v, 49*y - 50*y + 5*v = -830. What is the highest common divisor of y and 5005?
55
Let k be (4 - 12)/(2 + 0) + 10. Let h(r) = r**3 - 7*r**2 + 7*r. Let v be h(k). Calculate the greatest common factor of v and 14.
2
Suppose -4*p + 36 = -v, -5*v - 156 - 40 = -4*p. Let b = -27 - v. Suppose -6*y = -b*y + 364. Calculate the highest common factor of 78 and y.
26
Suppose 5*t = 5*w - 30, -3*w + 124 = -4*t + 120. Suppose -5*d = -3*d - 580. What is the greatest common divisor of w and d?
10
Let t(g) = g**2 - 12*g + 27. Let y be t(9). Let n be 2/3 - (y + (-816)/18). What is the greatest common divisor of 92 and n?
46
Let u = 38 - 36. Let n(y) = 0 + y - 8 - 3*y - y**2 + 3*y**u. Let d be n(-5). What is the highest common factor of d and 26?
26
Suppose -43*q - 7616 = -19*q - 41*q. Let i(u) = 15*u**3 - 2*u**2 + u. Let d be i(1). Calculate the highest common divisor of d and q.
14
Let x = -163886 + 164003. Let b(w) = -10*w + 3. Let l be b(-3). Suppose 6*s - t - 16 = 4*s, 3*s + 3*t = l. What is the highest common divisor of s and x?
9
Let j(v) = 16*v**3 + 3*v**2 + 14*v - 15. Let s be j(1). Calculate the greatest common divisor of s and 1647.
9
Let p be 2*(-4)/(-24)*168/1. Calculate the highest common divisor of 378 and p.
14
Suppose 1978 - 2062 = -7*k. What is the highest common divisor of 744 and k?
12
Suppose 0 = 2*l - 13 + 3. Let c be ((-1)/(-2))/((30/l)/36). Suppose -4*j - 13 = 3*b, -2*j - c = -3*b + 8*b. What is the highest common factor of b and 8?
1
Suppose 0 = 2*v + 4*k - 140, 4*v - 272 = -5*k + 29. Calculate the highest common factor of v and 18186.
42
Let r(t) = 2*t**3 - 22*t**2 + 4*t + 22. Let m be r(11). Suppose 0 = -3*u + 4*u + 6. Let o = 0 - u. What is the greatest common divisor of o and m?
6
Let j be -46*(4/(-8))/(-1) + 5. Let d = 31 - 35. Let i be (4 - j/(-24))/((-1)/d). Calculate 